7642*w + 63. What is i(9)?
54
Let t(l) = 131*l**2 - 943*l - 2. Calculate t(7).
-184
Let b(m) = -m**3 + 61*m**2 - 194*m - 7483. Calculate b(55).
-3
Let c(k) = -5*k**2 + 8895*k + 7. Give c(0).
7
Let p(g) = -g**3 + 207*g**2 + 4303*g - 2063. Calculate p(226).
-29
Let m(v) = -758*v**2 - 10605*v + 88. Calculate m(-14).
-10
Let n(w) = 342*w - 6376. Calculate n(17).
-562
Let b(i) = -7*i**3 - 255*i**2 + 147*i - 12. Determine b(-37).
25
Let c(k) = 217*k + 35999. What is c(-159)?
1496
Let f(q) = q**3 - 7*q**2 - 696*q + 2134. What is f(3)?
10
Let i(v) = v**3 + 34*v**2 + 155*v + 106. What is i(-30)?
-944
Let r(n) = 6*n**3 - 632*n**2 + 214*n - 518. Determine r(105).
-98
Let h(c) = -839*c**3 - 3*c**2 + 20*c + 21. Give h(-1).
837
Let u(k) = 154*k + 3983. What is u(-18)?
1211
Let k(g) = 146*g**2 + 13462*g - 10818. Give k(-93).
-30
Let q(o) = -761*o - 25989. Determine q(-34).
-115
Let a(q) = 6*q**3 + 195*q**2 + 170*q + 2367. What is a(-32)?
-1
Let v(b) = -b**3 - 282*b**2 - 1914*b + 45. Determine v(-7).
-32
Let m(r) = r**3 + 155*r**2 - 6205*r - 196. Give m(-188).
-8
Let j(o) = -o**3 + 34*o**2 - 249*o - 494. Give j(21).
10
Let s(u) = 824*u - 46986. What is s(57)?
-18
Let x(g) = -3*g**3 - 2396*g**2 - 32184*g + 772. Give x(-785).
-13
Let f(z) = z**3 - 225*z**2 + 886*z + 1341. Determine f(221).
1783
Let o(s) = -2*s**3 + 36*s**2 - 2*s - 12. What is o(19)?
-772
Let g(i) = -292*i**3 + 164*i + 163. Determine g(-1).
291
Let b(n) = 19*n**2 - 8391*n - 8383. Give b(-1).
27
Let g(r) = 3486*r - 561240. Determine g(161).
6
Let a(k) = 25789*k + 154717. Give a(-6).
-17
Let m(u) = 18*u - 326. Determine m(40).
394
Let f(v) = 893*v - 188272. What is f(211)?
151
Let z(q) = 7606*q - 61452. What is z(8)?
-604
Let n(t) = -7*t**2 - 1421*t - 35284. Determine n(-29).
38
Let u(a) = 49*a + 6066. What is u(-133)?
-451
Let z(r) = 20*r**2 - 328*r - 141. Give z(10).
-1421
Let b(i) = 2*i**3 + 18*i**2 - 61*i - 144. Give b(-12).
-276
Let f(w) = 2656*w + 13346. Calculate f(-5).
66
Let k(a) = -11*a**3 - 27*a**2 - 3*a + 11. What is k(-1)?
-2
Let j(g) = 23406*g - 280883. Calculate j(12).
-11
Let q(u) = 84*u**2 - 1134*u - 15701. What is q(22)?
7
Let q(i) = 5515*i - 4411984. What is q(800)?
16
Let v(y) = y**2 - 2853*y - 51292. Calculate v(-18).
386
Let w(q) = 2*q**3 - 21*q**2 + 21*q - 177. Calculate w(8).
-329
Let r(w) = -197*w**2 - 3023*w - 526. Give r(-15).
494
Let b(w) = -10434*w - 949532. Determine b(-91).
-38
Let x(a) = 2234*a**2 - 44686*a + 128. Give x(20).
8
Let l(v) = 9*v**2 - 3*v - 1782. Give l(-14).
24
Let h(s) = -251*s**2 - 3007*s + 12. Give h(-12).
-48
Let g(z) = 24476*z + 1150369. Determine g(-47).
-3
Let i(h) = 82*h**2 + 646*h + 50. What is i(-8)?
130
Let t(o) = -12*o**3 + 305*o**2 + 169*o + 341. What is t(26)?
3
Let y(z) = 40777*z - 3506833. Calculate y(86).
-11
Let l(m) = -169*m - 29727. What is l(-176)?
17
Let q(i) = -1885*i + 367569. Determine q(195).
-6
Let t(m) = m**3 - 148*m**2 + 711*m. Calculate t(5).
-20
Let i(n) = 504*n**2 - 100*n - 36. Give i(2).
1780
Let w(u) = -u**3 + 206*u**2 + 1960*u - 5365. Determine w(215).
10
Let m(w) = 9*w**3 + 117*w**2 - 176*w + 7413. What is m(-17)?
1
Let l(m) = -144*m + 415. What is l(2)?
127
Let h(v) = 5997*v - 47990. Calculate h(8).
-14
Let s(d) = 41*d - 3183. Calculate s(83).
220
Let t(n) = -n**2 - 110*n + 34735. Determine t(138).
511
Let r(y) = -2*y**3 + 43*y**2 + 70*y - 63. Give r(23).
-40
Let o(y) = y**3 + 110*y**2 + 16*y + 1437. Determine o(-110).
-323
Let k(l) = -2*l**3 + 7*l**2 + 51*l - 367. Determine k(5).
-187
Let u(g) = 236*g + 9646. Determine u(-42).
-266
Let h(d) = -d**2 - 242*d - 10568. Calculate h(-185).
-23
Let u(t) = -1073*t + 70666. What is u(66)?
-152
Let y(t) = 668*t - 6023. Determine y(9).
-11
Let a(p) = 4910172*p + 4910176. What is a(-1)?
4
Let w(c) = 24*c**2 - 344*c + 3858. Calculate w(11).
2978
Let i(u) = -u**2 - 3952*u + 31601. What is i(8)?
-79
Let q(s) = -5*s**2 - 317*s + 2068. Give q(7).
-396
Let p(q) = q**3 - 18*q**2 - 47*q + 316. Give p(13).
-1140
Let s(m) = -3006061*m - 6012111. Calculate s(-2).
11
Let q(d) = 4*d**3 - 829*d**2 + 2670*d - 3671. Give q(204).
1
Let q(d) = -3*d**3 + 79*d - 65. What is q(5)?
-45
Let y(a) = -83*a + 9200. Calculate y(84).
2228
Let a(d) = -963*d - 21416. Give a(-22).
-230
Let z(v) = 3*v**3 - 74*v**2 - 32*v + 469. Give z(25).
294
Let u(q) = -q**3 - 107*q**2 + 125*q + 1890. Determine u(-108).
54
Let c(q) = -q**3 - 51*q**2 - 452*q - 19703. Give c(-50).
397
Let s(j) = -3*j**2 + 14498*j + 247174. Give s(-17).
-159
Let x(k) = 347*k - 2471. What is x(23)?
5510
Let y(s) = 24*s**3 - 77*s**2 - 98*s + 322. Calculate y(3).
-17
Let u(n) = n**3 - 18*n**2 + 7*n + 253. Determine u(11).
-517
Let w(x) = -86768*x - 14143182. Give w(-163).
2
Let r(x) = 834*x - 21413. What is r(26)?
271
Let q(i) = i**3 + 218*i**2 + 1314*i + 8899. Give q(-212).
-5
Let g(f) = 38*f**2 + 2678*f + 10684. Determine g(-4).
580
Let h(i) = -8*i**3 - 70*i**2 + 18*i + 9. What is h(-9)?
9
Let m(b) = 2*b**3 + 1422*b**2 + 1397*b - 16332. Determine m(-710).
-2
Let b(p) = 27*p**2 + 3433*p + 20542. Determine b(-6).
916
Let v(p) = -371*p**3 - p**2 - 475*p + 10. Determine v(0).
10
Let y(b) = 2*b**3 - 100*b**2 - 24*b + 1279. Calculate y(50).
79
Let f(o) = 35*o**2 + 455*o + 901. Give f(-2).
131
Let m(j) = -640*j + 8286. Calculate m(13).
-34
Let j(z) = -15836*z + 1108549. Determine j(70).
29
Let k(x) = -x**2 + 133*x - 2557. Calculate k(110).
-27
Let w(o) = 129*o**2 - 747*o - 749. Give w(-1).
127
Let g(p) = p**3 - 62*p**2 - 198*p + 226. What is g(65)?
31
Let c(f) = 2*f**2 - 144*f - 22518. What is c(-76)?
-22
Let u(n) = -n**2 + 198*n - 9184. Give u(124).
-8
Let p(g) = 13*g**2 + 411*g + 1589. Calculate p(-25).
-561
Let p(q) = -q**3 - 33*q**2 - 159*q + 105. Give p(-13).
-1208
Let c(u) = 3*u**3 + 44*u**2 + 22*u + 108. Determine c(-14).
192
Let n(d) = -14*d**3 - 226*d**2 - 3*d - 24. What is n(-16)?
-488
Let f(n) = n**3 - 14*n**2 + 64*n - 684. Calculate f(11).
-343
Let w(c) = -62*c**2 - 2863*c - 502. Give w(-46).
4
Let r(v) = 2*v**3 + 3*v**2 + 9882*v + 59234. What is r(-6)?
-382
Let v(h) = 2*h**3 + 254*h**2 - 5248*h. What is v(18)?
-504
Let k(g) = g**3 - g**2 - 27*g - 386. Determine k(9).
19
Let w(z) = -3924*z - 74549. What is w(-19)?
7
Let t(q) = 5*q**3 - 193*q**2 - 85*q + 327. What is t(39)?
54
Let f(m) = -5681*m + 68116. Give f(12).
-56
Let d(b) = 638*b - 36550. What is d(57)?
-184
Let f(a) = -a**3 - 71*a**2 - 715*a - 210. Give f(-61).
6195
Let f(k) = -k**3 - 12*k**2 - 181*k - 1013. Determine f(-7).
9
Let a(t) = 10268*t - 20732. Give a(2).
-196
Let d(a) = 8649*a - 34539. Calculate d(4).
57
Let y(k) = 7223*k**3 - k**2 - 46*k + 47. Determine y(1).
7223
Let s(l) = 19*l**3 + 4*l**2 + 58*l - 180. Give s(3).
543
Let a(x) = -82429*x + 247274. What is a(3)?
-13
Let i(j) = 2*j**2 - 305*j + 9088. Give i(112).
16
Let a(w) = -439*w - 18830. Calculate a(-49).
2681
Let p(y) = 172*y**2 - 36118*y - 663. Give p(210).
-243
Let i(j) = 2*j**3 - 593*j**2 + 40851*j + 2637. Calculate i(109).
21
Let w(f) = -6*f**3 - 87*f**2 - 3397*f - 51600. Determine w(-15).
30
Let o(r) = -2029*r - 527624. Give o(-260).
-84
Let r(q) = q**3 - 29*q**2 + 416*q - 8957. What is r(26)?
-169
Let g(b) = 188*b**2 + 12077*b - 37. Determine g(-64).
-2917
Let d(j) = -j**3 - 538*j**2 + 217*j + 116741. What is d(-538)?
-5
Let g(n) = 8369*n + 275892. Calculate g(-33).
-285
Let c(q) = -2*q**3 - 16*q**2 + 948*q + 6661. Give c(-7).
-73
Let k(n) = 2*n**3 - 58*n**2 - 135*n + 348. Give k(31).
7
Let p(x) = -x**2 - 482*x + 4885. Determine p(10).
-35
Let x(p) = -132*p + 9129. Calculate x(71).
-243
Let j(z) = 42*z - 3836. Calculate j(94).
112
Let z(x) = 5700*x + 102601. Determine z(-18).
1
Let p(d) = 10*d**3 - 155*d**2 - 100*d + 284. Give p(16).
-36
Let g(k) = 19418*k - 466247. Calculate g(24).
-215
Let p(o) = -o**3 - 51*o**2 - 465*o + 58. Calculate p(-39).
-59
Let c(d) = d**2 - 245*d - 80774. What is c(-187)?
10
Let u(y) = -y**2 - 842*y - 13409. Determine u(-16).
-193
Let u(c) = 2*c**3 + 27*c**2 - 2476*c - 20435. Give u(-8).
77
Let x(s) = 59*s**2 - 4*s - 57. Give x(4).
871
Let g(t) = -6*t**3 + 187*t**2 - 52*t + 128. Calculate g(31).
-523
Let y(b) = 71*b**2 - 2675*b + 13415. Calculate y(5).
1815
Let l(w) = -11015*w + 859144. Calculate l(78).
-26
Let x(t) = -147633*t - 147626. Calculate x(-1).
7
Let z(d) = 116*d**2 -